{"id":1771,"date":"2026-02-03T20:35:42","date_gmt":"2026-02-03T19:35:42","guid":{"rendered":"https:\/\/psp-wolka-tyrzynska.pl\/?page_id=1771"},"modified":"2026-02-03T20:42:26","modified_gmt":"2026-02-03T19:42:26","slug":"sks-2","status":"publish","type":"page","link":"https:\/\/psp-wolka-tyrzynska.pl\/?page_id=1771","title":{"rendered":"SKS"},"content":{"rendered":"\n<div class=\"wp-block-uagb-container uagb-block-24f48f3e alignfull uagb-is-root-container\"><div class=\"uagb-container-inner-blocks-wrap\">\n<div class=\"wp-block-uagb-image uagb-block-beda807f wp-block-uagb-image--layout-default wp-block-uagb-image--effect-static wp-block-uagb-image--align-none\"><figure class=\"wp-block-uagb-image__figure\"><img loading=\"lazy\" decoding=\"async\" srcset=\"https:\/\/psp-wolka-tyrzynska.pl\/wp-content\/uploads\/2026\/02\/f3b9b2d7-a757-4e35-a39b-07c632526d98-683x1024.jpg ,https:\/\/psp-wolka-tyrzynska.pl\/wp-content\/uploads\/2026\/02\/f3b9b2d7-a757-4e35-a39b-07c632526d98.jpg 780w, https:\/\/psp-wolka-tyrzynska.pl\/wp-content\/uploads\/2026\/02\/f3b9b2d7-a757-4e35-a39b-07c632526d98.jpg 360w\" sizes=\"auto, (max-width: 480px) 150px\" src=\"https:\/\/psp-wolka-tyrzynska.pl\/wp-content\/uploads\/2026\/02\/f3b9b2d7-a757-4e35-a39b-07c632526d98-683x1024.jpg\" alt=\"\" class=\"uag-image-1772\" width=\"683\" height=\"1024\" title=\"f3b9b2d7-a757-4e35-a39b-07c632526d98\" loading=\"lazy\" role=\"img\"\/><\/figure><\/div>\n\n\n\n<p><strong>Szkolne Ko\u0142o Sportowe w roku szkolnym 2025\/2026<\/strong><br>Szkolne Ko\u0142o Sportowe jest skierowane do uczni\u00f3w, kt\u00f3rzy chc\u0105 aktywnie sp\u0119dza\u0107 czas, poprawi\u0107 swoj\u0105 sprawno\u015b\u0107 fizyczn\u0105 oraz zadba\u0107 o zdrowie poprzez regularny ruch. Zaj\u0119cia maj\u0105 charakter og\u00f3lnorozwojowy i s\u0105 dostosowane do mo\u017cliwo\u015bci oraz wieku uczestnik\u00f3w.<br>W trakcie spotka\u0144 uczniowie rozwijaj\u0105 koordynacj\u0119 ruchow\u0105, si\u0142\u0119, wytrzyma\u0142o\u015b\u0107 oraz ucz\u0105 si\u0119 wsp\u00f3\u0142pracy i zasad fair play. Szczeg\u00f3lny nacisk k\u0142adziony jest na bezpiecze\u0144stwo, systematyczno\u015b\u0107 oraz pozytywne podej\u015bcie do aktywno\u015bci fizycznej.<br>Ze wzgl\u0119du na brak sali gimnastycznej zaj\u0119cia prowadzone s\u0105 w spos\u00f3b dostosowany do warunk\u00f3w szko\u0142y. W okresie wiosenno-letnim wykorzystywane jest boisko szkolne, natomiast w ch\u0142odniejszych miesi\u0105cach realizowane s\u0105 \u0107wiczenia og\u00f3lnorozwojowe i prozdrowotne w dost\u0119pnych przestrzeniach szkolnych.<br>Ko\u0142o sportowe ma charakter koedukacyjny i jest otwarte dla wszystkich ch\u0119tnych uczni\u00f3w.<br><strong>Informacje organizacyjne<\/strong><br>Dzie\u0144: \u015broda<br>Godziny: 12:45\u201314:25 (2 godziny)<br>Forma zaj\u0119\u0107: og\u00f3lnorozwojowe, prozdrowotne<br>Miejsce: teren szko\u0142y \/ boisko szkolne (w zale\u017cno\u015bci od warunk\u00f3w pogodowych)<\/p>\n<\/div><\/div>\n\n\n\n<p><\/p>\n","protected":false},"excerpt":{"rendered":"<p>Szkolne Ko\u0142o Sportowe w roku szkolnym 2025\/2026Szkolne Ko\u0142o Sportowe jest skierowane do uczni\u00f3w, kt\u00f3rzy chc\u0105 aktywnie sp\u0119dza\u0107 czas, poprawi\u0107 swoj\u0105 sprawno\u015b\u0107 fizyczn\u0105 oraz zadba\u0107 o zdrowie poprzez regularny ruch. Zaj\u0119cia maj\u0105 charakter og\u00f3lnorozwojowy i&#46;&#46;&#46;<\/p>\n","protected":false},"author":1,"featured_media":0,"parent":0,"menu_order":0,"comment_status":"closed","ping_status":"closed","template":"","meta":{"_uag_custom_page_level_css":"","footnotes":""},"class_list":["post-1771","page","type-page","status-publish","hentry"],"yoast_head":"<!-- This site is optimized with the Yoast SEO plugin v25.1 - https:\/\/yoast.com\/wordpress\/plugins\/seo\/ -->\n<title>SKS - PSP W W\u00d3LCE TYRZY\u0143SKIEJ<\/title>\n<meta name=\"robots\" content=\"index, follow, max-snippet:-1, max-image-preview:large, max-video-preview:-1\" \/>\n<link rel=\"canonical\" href=\"https:\/\/psp-wolka-tyrzynska.pl\/?page_id=1771\" \/>\n<meta property=\"og:locale\" content=\"pl_PL\" \/>\n<meta property=\"og:type\" content=\"article\" \/>\n<meta property=\"og:title\" content=\"SKS - PSP W W\u00d3LCE TYRZY\u0143SKIEJ\" \/>\n<meta property=\"og:description\" content=\"Szkolne Ko\u0142o Sportowe w roku szkolnym 2025\/2026Szkolne Ko\u0142o Sportowe jest skierowane do uczni\u00f3w, kt\u00f3rzy chc\u0105 aktywnie sp\u0119dza\u0107 czas, poprawi\u0107 swoj\u0105 sprawno\u015b\u0107 fizyczn\u0105 oraz zadba\u0107 o zdrowie poprzez regularny ruch. Zaj\u0119cia maj\u0105 charakter og\u00f3lnorozwojowy i&#046;&#046;&#046;\" \/>\n<meta property=\"og:url\" content=\"https:\/\/psp-wolka-tyrzynska.pl\/?page_id=1771\" \/>\n<meta property=\"og:site_name\" content=\"PSP W W\u00d3LCE TYRZY\u0143SKIEJ\" \/>\n<meta property=\"article:publisher\" content=\"https:\/\/www.facebook.com\/profile.php?id=100057326564826&amp;locale=pl_PL\" \/>\n<meta property=\"article:modified_time\" content=\"2026-02-03T19:42:26+00:00\" \/>\n<meta property=\"og:image\" content=\"https:\/\/psp-wolka-tyrzynska.pl\/wp-content\/uploads\/2026\/02\/f3b9b2d7-a757-4e35-a39b-07c632526d98-683x1024.jpg\" \/>\n<meta name=\"twitter:card\" content=\"summary_large_image\" \/>\n<meta name=\"twitter:label1\" content=\"Szacowany czas czytania\" \/>\n\t<meta name=\"twitter:data1\" content=\"2 minuty\" \/>\n<script type=\"application\/ld+json\" class=\"yoast-schema-graph\">{\"@context\":\"https:\/\/schema.org\",\"@graph\":[{\"@type\":\"WebPage\",\"@id\":\"https:\/\/psp-wolka-tyrzynska.pl\/?page_id=1771\",\"url\":\"https:\/\/psp-wolka-tyrzynska.pl\/?page_id=1771\",\"name\":\"SKS - PSP W W\u00d3LCE TYRZY\u0143SKIEJ\",\"isPartOf\":{\"@id\":\"https:\/\/psp-wolka-tyrzynska.pl\/#website\"},\"primaryImageOfPage\":{\"@id\":\"https:\/\/psp-wolka-tyrzynska.pl\/?page_id=1771#primaryimage\"},\"image\":{\"@id\":\"https:\/\/psp-wolka-tyrzynska.pl\/?page_id=1771#primaryimage\"},\"thumbnailUrl\":\"https:\/\/psp-wolka-tyrzynska.pl\/wp-content\/uploads\/2026\/02\/f3b9b2d7-a757-4e35-a39b-07c632526d98-683x1024.jpg\",\"datePublished\":\"2026-02-03T19:35:42+00:00\",\"dateModified\":\"2026-02-03T19:42:26+00:00\",\"breadcrumb\":{\"@id\":\"https:\/\/psp-wolka-tyrzynska.pl\/?page_id=1771#breadcrumb\"},\"inLanguage\":\"pl-PL\",\"potentialAction\":[{\"@type\":\"ReadAction\",\"target\":[\"https:\/\/psp-wolka-tyrzynska.pl\/?page_id=1771\"]}]},{\"@type\":\"ImageObject\",\"inLanguage\":\"pl-PL\",\"@id\":\"https:\/\/psp-wolka-tyrzynska.pl\/?page_id=1771#primaryimage\",\"url\":\"https:\/\/psp-wolka-tyrzynska.pl\/wp-content\/uploads\/2026\/02\/f3b9b2d7-a757-4e35-a39b-07c632526d98.jpg\",\"contentUrl\":\"https:\/\/psp-wolka-tyrzynska.pl\/wp-content\/uploads\/2026\/02\/f3b9b2d7-a757-4e35-a39b-07c632526d98.jpg\",\"width\":1024,\"height\":1536},{\"@type\":\"BreadcrumbList\",\"@id\":\"https:\/\/psp-wolka-tyrzynska.pl\/?page_id=1771#breadcrumb\",\"itemListElement\":[{\"@type\":\"ListItem\",\"position\":1,\"name\":\"Home\",\"item\":\"https:\/\/psp-wolka-tyrzynska.pl\/\"},{\"@type\":\"ListItem\",\"position\":2,\"name\":\"SKS\"}]},{\"@type\":\"WebSite\",\"@id\":\"https:\/\/psp-wolka-tyrzynska.pl\/#website\",\"url\":\"https:\/\/psp-wolka-tyrzynska.pl\/\",\"name\":\"PSP W W\u00d3LCE TYRZY\u0143SKIEJ\",\"description\":\"\",\"publisher\":{\"@id\":\"https:\/\/psp-wolka-tyrzynska.pl\/#organization\"},\"potentialAction\":[{\"@type\":\"SearchAction\",\"target\":{\"@type\":\"EntryPoint\",\"urlTemplate\":\"https:\/\/psp-wolka-tyrzynska.pl\/?s={search_term_string}\"},\"query-input\":{\"@type\":\"PropertyValueSpecification\",\"valueRequired\":true,\"valueName\":\"search_term_string\"}}],\"inLanguage\":\"pl-PL\"},{\"@type\":\"Organization\",\"@id\":\"https:\/\/psp-wolka-tyrzynska.pl\/#organization\",\"name\":\"PSP W W\u00d3LCE TYRZY\u0143SKIEJ\",\"url\":\"https:\/\/psp-wolka-tyrzynska.pl\/\",\"logo\":{\"@type\":\"ImageObject\",\"inLanguage\":\"pl-PL\",\"@id\":\"https:\/\/psp-wolka-tyrzynska.pl\/#\/schema\/logo\/image\/\",\"url\":\"https:\/\/psp-wolka-tyrzynska.pl\/wp-content\/uploads\/2024\/12\/LOGO-RGB-WYSWIETLANIE-NA-URZADZENIACH.jpg\",\"contentUrl\":\"https:\/\/psp-wolka-tyrzynska.pl\/wp-content\/uploads\/2024\/12\/LOGO-RGB-WYSWIETLANIE-NA-URZADZENIACH.jpg\",\"width\":1181,\"height\":1181,\"caption\":\"PSP W W\u00d3LCE TYRZY\u0143SKIEJ\"},\"image\":{\"@id\":\"https:\/\/psp-wolka-tyrzynska.pl\/#\/schema\/logo\/image\/\"},\"sameAs\":[\"https:\/\/www.facebook.com\/profile.php?id=100057326564826&locale=pl_PL\"]}]}<\/script>\n<!-- \/ Yoast SEO plugin. -->","yoast_head_json":{"title":"SKS - PSP W W\u00d3LCE TYRZY\u0143SKIEJ","robots":{"index":"index","follow":"follow","max-snippet":"max-snippet:-1","max-image-preview":"max-image-preview:large","max-video-preview":"max-video-preview:-1"},"canonical":"https:\/\/psp-wolka-tyrzynska.pl\/?page_id=1771","og_locale":"pl_PL","og_type":"article","og_title":"SKS - PSP W W\u00d3LCE TYRZY\u0143SKIEJ","og_description":"Szkolne Ko\u0142o Sportowe w roku szkolnym 2025\/2026Szkolne Ko\u0142o Sportowe jest skierowane do uczni\u00f3w, kt\u00f3rzy chc\u0105 aktywnie sp\u0119dza\u0107 czas, poprawi\u0107 swoj\u0105 sprawno\u015b\u0107 fizyczn\u0105 oraz zadba\u0107 o zdrowie poprzez regularny ruch. Zaj\u0119cia maj\u0105 charakter og\u00f3lnorozwojowy i&#46;&#46;&#46;","og_url":"https:\/\/psp-wolka-tyrzynska.pl\/?page_id=1771","og_site_name":"PSP W W\u00d3LCE TYRZY\u0143SKIEJ","article_publisher":"https:\/\/www.facebook.com\/profile.php?id=100057326564826&locale=pl_PL","article_modified_time":"2026-02-03T19:42:26+00:00","og_image":[{"url":"https:\/\/psp-wolka-tyrzynska.pl\/wp-content\/uploads\/2026\/02\/f3b9b2d7-a757-4e35-a39b-07c632526d98-683x1024.jpg","type":"","width":"","height":""}],"twitter_card":"summary_large_image","twitter_misc":{"Szacowany czas czytania":"2 minuty"},"schema":{"@context":"https:\/\/schema.org","@graph":[{"@type":"WebPage","@id":"https:\/\/psp-wolka-tyrzynska.pl\/?page_id=1771","url":"https:\/\/psp-wolka-tyrzynska.pl\/?page_id=1771","name":"SKS - PSP W W\u00d3LCE TYRZY\u0143SKIEJ","isPartOf":{"@id":"https:\/\/psp-wolka-tyrzynska.pl\/#website"},"primaryImageOfPage":{"@id":"https:\/\/psp-wolka-tyrzynska.pl\/?page_id=1771#primaryimage"},"image":{"@id":"https:\/\/psp-wolka-tyrzynska.pl\/?page_id=1771#primaryimage"},"thumbnailUrl":"https:\/\/psp-wolka-tyrzynska.pl\/wp-content\/uploads\/2026\/02\/f3b9b2d7-a757-4e35-a39b-07c632526d98-683x1024.jpg","datePublished":"2026-02-03T19:35:42+00:00","dateModified":"2026-02-03T19:42:26+00:00","breadcrumb":{"@id":"https:\/\/psp-wolka-tyrzynska.pl\/?page_id=1771#breadcrumb"},"inLanguage":"pl-PL","potentialAction":[{"@type":"ReadAction","target":["https:\/\/psp-wolka-tyrzynska.pl\/?page_id=1771"]}]},{"@type":"ImageObject","inLanguage":"pl-PL","@id":"https:\/\/psp-wolka-tyrzynska.pl\/?page_id=1771#primaryimage","url":"https:\/\/psp-wolka-tyrzynska.pl\/wp-content\/uploads\/2026\/02\/f3b9b2d7-a757-4e35-a39b-07c632526d98.jpg","contentUrl":"https:\/\/psp-wolka-tyrzynska.pl\/wp-content\/uploads\/2026\/02\/f3b9b2d7-a757-4e35-a39b-07c632526d98.jpg","width":1024,"height":1536},{"@type":"BreadcrumbList","@id":"https:\/\/psp-wolka-tyrzynska.pl\/?page_id=1771#breadcrumb","itemListElement":[{"@type":"ListItem","position":1,"name":"Home","item":"https:\/\/psp-wolka-tyrzynska.pl\/"},{"@type":"ListItem","position":2,"name":"SKS"}]},{"@type":"WebSite","@id":"https:\/\/psp-wolka-tyrzynska.pl\/#website","url":"https:\/\/psp-wolka-tyrzynska.pl\/","name":"PSP W W\u00d3LCE TYRZY\u0143SKIEJ","description":"","publisher":{"@id":"https:\/\/psp-wolka-tyrzynska.pl\/#organization"},"potentialAction":[{"@type":"SearchAction","target":{"@type":"EntryPoint","urlTemplate":"https:\/\/psp-wolka-tyrzynska.pl\/?s={search_term_string}"},"query-input":{"@type":"PropertyValueSpecification","valueRequired":true,"valueName":"search_term_string"}}],"inLanguage":"pl-PL"},{"@type":"Organization","@id":"https:\/\/psp-wolka-tyrzynska.pl\/#organization","name":"PSP W W\u00d3LCE TYRZY\u0143SKIEJ","url":"https:\/\/psp-wolka-tyrzynska.pl\/","logo":{"@type":"ImageObject","inLanguage":"pl-PL","@id":"https:\/\/psp-wolka-tyrzynska.pl\/#\/schema\/logo\/image\/","url":"https:\/\/psp-wolka-tyrzynska.pl\/wp-content\/uploads\/2024\/12\/LOGO-RGB-WYSWIETLANIE-NA-URZADZENIACH.jpg","contentUrl":"https:\/\/psp-wolka-tyrzynska.pl\/wp-content\/uploads\/2024\/12\/LOGO-RGB-WYSWIETLANIE-NA-URZADZENIACH.jpg","width":1181,"height":1181,"caption":"PSP W W\u00d3LCE TYRZY\u0143SKIEJ"},"image":{"@id":"https:\/\/psp-wolka-tyrzynska.pl\/#\/schema\/logo\/image\/"},"sameAs":["https:\/\/www.facebook.com\/profile.php?id=100057326564826&locale=pl_PL"]}]}},"uagb_featured_image_src":{"full":false,"thumbnail":false,"medium":false,"medium_large":false,"large":false,"1536x1536":false,"2048x2048":false,"depicter-thumbnail":false,"thumb-small":false,"thumb-standard":false,"thumb-medium":false,"thumb-large":false,"thumb-xlarge":false,"thumb-xxlarge":false},"uagb_author_info":{"display_name":"mcieslak_loguj","author_link":"https:\/\/psp-wolka-tyrzynska.pl\/?author=1"},"uagb_comment_info":0,"uagb_excerpt":"Szkolne Ko\u0142o Sportowe w roku szkolnym 2025\/2026Szkolne Ko\u0142o Sportowe jest skierowane do uczni\u00f3w, kt\u00f3rzy chc\u0105 aktywnie sp\u0119dza\u0107 czas, poprawi\u0107 swoj\u0105 sprawno\u015b\u0107 fizyczn\u0105 oraz zadba\u0107 o zdrowie poprzez regularny ruch. Zaj\u0119cia maj\u0105 charakter og\u00f3lnorozwojowy i&#46;&#46;&#46;","_links":{"self":[{"href":"https:\/\/psp-wolka-tyrzynska.pl\/index.php?rest_route=\/wp\/v2\/pages\/1771","targetHints":{"allow":["GET"]}}],"collection":[{"href":"https:\/\/psp-wolka-tyrzynska.pl\/index.php?rest_route=\/wp\/v2\/pages"}],"about":[{"href":"https:\/\/psp-wolka-tyrzynska.pl\/index.php?rest_route=\/wp\/v2\/types\/page"}],"author":[{"embeddable":true,"href":"https:\/\/psp-wolka-tyrzynska.pl\/index.php?rest_route=\/wp\/v2\/users\/1"}],"replies":[{"embeddable":true,"href":"https:\/\/psp-wolka-tyrzynska.pl\/index.php?rest_route=%2Fwp%2Fv2%2Fcomments&post=1771"}],"version-history":[{"count":1,"href":"https:\/\/psp-wolka-tyrzynska.pl\/index.php?rest_route=\/wp\/v2\/pages\/1771\/revisions"}],"predecessor-version":[{"id":1773,"href":"https:\/\/psp-wolka-tyrzynska.pl\/index.php?rest_route=\/wp\/v2\/pages\/1771\/revisions\/1773"}],"wp:attachment":[{"href":"https:\/\/psp-wolka-tyrzynska.pl\/index.php?rest_route=%2Fwp%2Fv2%2Fmedia&parent=1771"}],"curies":[{"name":"wp","href":"https:\/\/api.w.org\/{rel}","templated":true}]}}